Last updated on 2023-12-07 20:48:30 CET.
Flavor | Version | Tinstall | Tcheck | Ttotal | Status | Flags |
---|---|---|---|---|---|---|
r-devel-linux-x86_64-debian-clang | 2.0.0 | 22.45 | 511.39 | 533.84 | NOTE | |
r-devel-linux-x86_64-debian-gcc | 2.0.0 | 16.52 | 436.82 | 453.34 | NOTE | |
r-devel-linux-x86_64-fedora-clang | 2.0.0 | 686.03 | NOTE | |||
r-devel-linux-x86_64-fedora-gcc | 2.0.0 | 761.75 | NOTE | |||
r-devel-windows-x86_64 | 2.0.0 | 21.00 | 489.00 | 510.00 | OK | |
r-patched-linux-x86_64 | 2.0.0 | 32.62 | 563.88 | 596.50 | OK | |
r-release-linux-x86_64 | 2.0.0 | 17.43 | 568.43 | 585.86 | OK | |
r-release-macos-arm64 | 2.0.0 | 439.00 | OK | |||
r-release-macos-x86_64 | 2.0.0 | 724.00 | OK | |||
r-release-windows-x86_64 | 2.0.0 | 26.00 | 638.00 | 664.00 | OK | |
r-oldrel-macos-arm64 | 2.0.0 | 355.00 | NOTE | |||
r-oldrel-macos-x86_64 | 2.0.0 | 586.00 | NOTE | |||
r-oldrel-windows-x86_64 | 2.0.0 | 24.00 | 630.00 | 654.00 | OK |
Version: 2.0.0
Check: Rd files
Result: NOTE
checkRd: (-1) apc.indiv.est.model.Rd:142: Lost braces
142 | For model testing: \code{\link{apc.indiv.model.table}}, code{\link{apc.indiv.compare.direct}}, \code{\link{waldtest}}, \code{\link{linearHypothesis}}
| ^
Flavors: r-devel-linux-x86_64-debian-clang, r-devel-linux-x86_64-debian-gcc
Version: 2.0.0
Check: dependencies in R code
Result: NOTE
Namespaces in Imports field not imported from:
‘AER’ ‘ChainLadder’ ‘ISLR’ ‘ggplot2’
All declared Imports should be used.
Flavors: r-devel-linux-x86_64-fedora-clang, r-devel-linux-x86_64-fedora-gcc, r-oldrel-macos-arm64, r-oldrel-macos-x86_64