CRAN Package Check Results for Package appler

Last updated on 2024-03-02 16:54:39 CET.

Flavor Version Tinstall Tcheck Ttotal Status Flags
r-devel-linux-x86_64-debian-clang 0.2.1 2.49 29.90 32.39 NOTE
r-devel-linux-x86_64-debian-gcc 0.2.1 1.99 23.07 25.06 NOTE
r-devel-linux-x86_64-fedora-clang 0.2.1 40.11 NOTE
r-devel-linux-x86_64-fedora-gcc 0.2.1 53.40 NOTE
r-devel-windows-x86_64 0.2.1 4.00 53.00 57.00 OK
r-patched-linux-x86_64 0.2.1 2.72 28.83 31.55 OK
r-release-linux-x86_64 0.2.1 2.32 28.96 31.28 OK
r-release-macos-arm64 0.2.1 30.00 OK
r-release-macos-x86_64 0.2.1 52.00 OK
r-release-windows-x86_64 0.2.1 4.00 57.00 61.00 OK
r-oldrel-macos-arm64 0.2.1 30.00 OK
r-oldrel-windows-x86_64 0.2.1 4.00 56.00 60.00 OK

Check Details

Version: 0.2.1
Check: Rd files
Result: NOTE checkRd: (-1) apple_apps.Rd:22: Lost braces; missing escapes or markup? 22 | with a corresponding ID that can be used in {appler} functions. | ^ checkRd: (-1) get_apple_reviews.Rd:38: Lost braces in \itemize; \value handles \item{}{} directly checkRd: (-1) get_apple_reviews.Rd:39: Lost braces in \itemize; \value handles \item{}{} directly checkRd: (-1) get_apple_reviews.Rd:40: Lost braces in \itemize; \value handles \item{}{} directly checkRd: (-1) get_apple_reviews.Rd:41: Lost braces in \itemize; \value handles \item{}{} directly checkRd: (-1) get_apple_reviews.Rd:42: Lost braces in \itemize; \value handles \item{}{} directly checkRd: (-1) get_apple_reviews.Rd:43: Lost braces in \itemize; \value handles \item{}{} directly checkRd: (-1) get_apple_reviews.Rd:44: Lost braces in \itemize; \value handles \item{}{} directly checkRd: (-1) itunes_artists.Rd:22: Lost braces; missing escapes or markup? 22 | a corresponding ID that can be used in {appler} functions. | ^ Flavors: r-devel-linux-x86_64-debian-clang, r-devel-linux-x86_64-debian-gcc, r-devel-linux-x86_64-fedora-clang, r-devel-linux-x86_64-fedora-gcc

Version: 0.2.1
Check: data for non-ASCII characters
Result: NOTE Note: found 1 marked UTF-8 string Flavors: r-devel-linux-x86_64-fedora-clang, r-devel-linux-x86_64-fedora-gcc