Last updated on 2024-05-13 08:50:01 CEST.
Flavor | Version | Tinstall | Tcheck | Ttotal | Status | Flags |
---|---|---|---|---|---|---|
r-devel-linux-x86_64-debian-clang | 0.6.3 | 16.89 | 159.80 | 176.69 | OK | |
r-devel-linux-x86_64-debian-gcc | 0.6.3 | 11.98 | 118.71 | 130.69 | OK | |
r-devel-linux-x86_64-fedora-clang | 0.6.3 | 211.85 | NOTE | |||
r-devel-linux-x86_64-fedora-gcc | 0.6.3 | 274.13 | OK | |||
r-devel-windows-x86_64 | 0.6.3 | 14.00 | 139.00 | 153.00 | OK | |
r-patched-linux-x86_64 | 0.6.3 | 19.91 | 149.33 | 169.24 | OK | |
r-release-linux-x86_64 | 0.6.3 | 9.49 | 149.02 | 158.51 | OK | |
r-release-macos-arm64 | 0.6.3 | 67.00 | OK | |||
r-release-windows-x86_64 | 0.6.3 | 13.00 | 137.00 | 150.00 | OK | |
r-oldrel-macos-arm64 | 0.6.3 | 60.00 | OK | |||
r-oldrel-macos-x86_64 | 0.6.3 | 168.00 | OK | |||
r-oldrel-windows-x86_64 | 0.6.3 | 17.00 | 162.00 | 179.00 | OK |
Version: 0.6.3
Check: Rd cross-references
Result: NOTE
Undeclared package ‘beepr’ in Rd xrefs
Flavor: r-devel-linux-x86_64-fedora-clang