CRAN Package Check Results for Package arealDB

Last updated on 2024-03-03 01:00:37 CET.

Flavor Version Tinstall Tcheck Ttotal Status Flags
r-devel-linux-x86_64-debian-clang 0.6.3 11.66 156.87 168.53 OK
r-devel-linux-x86_64-debian-gcc 0.6.3 11.42 120.76 132.18 OK
r-devel-linux-x86_64-fedora-clang 0.6.3 207.29 NOTE
r-devel-linux-x86_64-fedora-gcc 0.6.3 229.25 OK
r-devel-windows-x86_64 0.6.3 13.00 138.00 151.00 OK
r-patched-linux-x86_64 0.6.3 18.18 149.94 168.12 OK
r-release-linux-x86_64 0.6.3 9.98 151.67 161.65 OK
r-release-macos-arm64 0.6.3 60.00 OK
r-release-macos-x86_64 0.6.3 168.00 OK
r-release-windows-x86_64 0.6.3 17.00 164.00 181.00 OK
r-oldrel-macos-arm64 0.6.3 65.00 OK
r-oldrel-windows-x86_64 0.6.3 16.00 169.00 185.00 OK

Check Details

Version: 0.6.3
Check: Rd cross-references
Result: NOTE Undeclared package ‘beepr’ in Rd xrefs Flavor: r-devel-linux-x86_64-fedora-clang