CRAN Package Check Results for Package arena2r

Last updated on 2024-03-01 16:49:13 CET.

Flavor Version Tinstall Tcheck Ttotal Status Flags
r-devel-linux-x86_64-debian-clang 1.0.0 3.28 41.30 44.58 OK
r-devel-linux-x86_64-debian-gcc 1.0.0 2.65 32.29 34.94 OK
r-devel-linux-x86_64-fedora-clang 1.0.0 57.19 NOTE
r-devel-linux-x86_64-fedora-gcc 1.0.0 67.23 NOTE
r-devel-windows-x86_64 1.0.0 5.00 54.00 59.00 OK
r-patched-linux-x86_64 1.0.0 2.56 40.00 42.56 OK
r-release-linux-x86_64 1.0.0 3.49 40.10 43.59 OK
r-release-macos-arm64 1.0.0 29.00 OK
r-release-macos-x86_64 1.0.0 41.00 OK
r-release-windows-x86_64 1.0.0 7.00 62.00 69.00 OK
r-oldrel-macos-arm64 1.0.0 23.00 NOTE
r-oldrel-windows-x86_64 1.0.0 7.00 62.00 69.00 OK

Check Details

Version: 1.0.0
Check: dependencies in R code
Result: NOTE Namespaces in Imports field not imported from: ‘purrr’ ‘shinyBS’ ‘shinydashboard’ ‘shinyjs’ All declared Imports should be used. Flavors: r-devel-linux-x86_64-fedora-clang, r-devel-linux-x86_64-fedora-gcc, r-oldrel-macos-arm64