CRAN Package Check Results for Package argonDash

Last updated on 2024-02-26 00:50:39 CET.

Flavor Version Tinstall Tcheck Ttotal Status Flags
r-devel-linux-x86_64-debian-clang 0.2.0 2.97 25.97 28.94 NOTE
r-devel-linux-x86_64-debian-gcc 0.2.0 2.67 20.40 23.07 NOTE
r-devel-linux-x86_64-fedora-clang 0.2.0 37.27 NOTE
r-devel-linux-x86_64-fedora-gcc 0.2.0 35.12 NOTE
r-devel-windows-x86_64 0.2.0 4.00 51.00 55.00 NOTE
r-patched-linux-x86_64 0.2.0 7.66 26.23 33.89 NOTE
r-release-linux-x86_64 0.2.0 2.66 25.62 28.28 NOTE
r-release-macos-arm64 0.2.0 19.00 NOTE
r-release-macos-x86_64 0.2.0 24.00 NOTE
r-release-windows-x86_64 0.2.0 5.00 48.00 53.00 NOTE
r-oldrel-macos-arm64 0.2.0 18.00 NOTE
r-oldrel-windows-x86_64 0.2.0 6.00 50.00 56.00 NOTE

Check Details

Version: 0.2.0
Check: LazyData
Result: NOTE 'LazyData' is specified without a 'data' directory Flavors: r-devel-linux-x86_64-debian-clang, r-devel-linux-x86_64-debian-gcc, r-devel-linux-x86_64-fedora-clang, r-devel-linux-x86_64-fedora-gcc, r-devel-windows-x86_64, r-patched-linux-x86_64, r-release-linux-x86_64, r-release-macos-arm64, r-release-macos-x86_64, r-release-windows-x86_64, r-oldrel-macos-arm64, r-oldrel-windows-x86_64