Last updated on 2024-05-07 16:51:23 CEST.
Flavor | Version | Tinstall | Tcheck | Ttotal | Status | Flags |
---|---|---|---|---|---|---|
r-devel-linux-x86_64-debian-clang | 1.14-4 | 16.67 | 112.66 | 129.33 | OK | |
r-devel-linux-x86_64-debian-gcc | 1.14-4 | 11.46 | 81.16 | 92.62 | OK | |
r-devel-linux-x86_64-fedora-clang | 1.14-4 | 156.33 | NOTE | |||
r-devel-linux-x86_64-fedora-gcc | 1.14-4 | 209.52 | OK | |||
r-devel-windows-x86_64 | 1.14-4 | 14.00 | 99.00 | 113.00 | OK | |
r-patched-linux-x86_64 | 1.14-4 | 9.90 | 107.26 | 117.16 | OK | |
r-release-linux-x86_64 | 1.14-4 | 11.16 | 103.59 | 114.75 | OK | |
r-release-macos-arm64 | 1.14-4 | 42.00 | OK | |||
r-release-macos-x86_64 | 1.14-4 | 124.00 | OK | |||
r-release-windows-x86_64 | 1.14-4 | 13.00 | 99.00 | 112.00 | OK | |
r-oldrel-macos-arm64 | 1.14-4 | 50.00 | OK | |||
r-oldrel-macos-x86_64 | 1.14-4 | 106.00 | OK | |||
r-oldrel-windows-x86_64 | 1.14-4 | 19.00 | 116.00 | 135.00 | OK |
Version: 1.14-4
Check: Rd cross-references
Result: NOTE
Undeclared packages ‘survey’, ‘Matching’ in Rd xrefs
Flavor: r-devel-linux-x86_64-fedora-clang