CRAN Package Check Results for Package arrow

Last updated on 2024-02-28 16:50:27 CET.

Flavor Version Tinstall Tcheck Ttotal Status Flags
r-devel-linux-x86_64-debian-clang 14.0.2.1 4288.01 294.77 4582.78 OK
r-devel-linux-x86_64-debian-gcc 14.0.2.1 3675.68 217.81 3893.49 OK
r-devel-linux-x86_64-fedora-clang 14.0.2.1 5965.38 NOTE
r-devel-linux-x86_64-fedora-gcc 14.0.2.1 4724.89 OK
r-devel-windows-x86_64 14.0.0.2 454.00 583.00 1037.00 NOTE
r-patched-linux-x86_64 14.0.0.2 4345.00 302.11 4647.11 OK
r-release-linux-x86_64 14.0.2.1 4454.48 289.92 4744.40 OK
r-release-macos-arm64 14.0.2.1 81.00 ERROR
r-release-macos-x86_64 14.0.2.1 206.00 ERROR
r-release-windows-x86_64 14.0.2.1 357.00 682.00 1039.00 NOTE
r-oldrel-macos-arm64 14.0.2.1 121.00 ERROR
r-oldrel-windows-x86_64 14.0.2.1 513.00 640.00 1153.00 NOTE

Additional issues

clang17 clang17

Check Details

Version: 14.0.2.1
Check: installed package size
Result: NOTE installed size is 47.8Mb sub-directories of 1Mb or more: R 4.3Mb libs 42.9Mb Flavors: r-devel-linux-x86_64-fedora-clang, r-release-windows-x86_64, r-oldrel-windows-x86_64

Version: 14.0.2.1
Check: Rd cross-references
Result: NOTE Undeclared package ‘readr’ in Rd xrefs Flavor: r-devel-linux-x86_64-fedora-clang

Version: 14.0.0.2
Check: installed package size
Result: NOTE installed size is 42.9Mb sub-directories of 1Mb or more: R 4.3Mb libs 38.0Mb Flavor: r-devel-windows-x86_64

Version: 14.0.2.1
Check: whether package can be installed
Result: ERROR Installation failed. Flavors: r-release-macos-arm64, r-release-macos-x86_64, r-oldrel-macos-arm64