CRAN Package Check Results for Package asmbPLS

Last updated on 2024-02-24 08:49:30 CET.

Flavor Version Tinstall Tcheck Ttotal Status Flags
r-devel-linux-x86_64-debian-clang 1.0.0 305.34 150.88 456.22 OK
r-devel-linux-x86_64-debian-gcc 1.0.0 217.91 113.08 330.99 OK
r-devel-linux-x86_64-fedora-clang 1.0.0 704.53 OK
r-devel-linux-x86_64-fedora-gcc 1.0.0 712.46 OK
r-devel-windows-x86_64 1.0.0 245.00 135.00 380.00 OK
r-patched-linux-x86_64 1.0.0 288.02 145.14 433.16 OK
r-release-linux-x86_64 1.0.0 337.23 141.62 478.85 OK
r-release-macos-arm64 1.0.0 96.00 NOTE
r-release-macos-x86_64 1.0.0 170.00 NOTE
r-release-windows-x86_64 1.0.0 306.00 170.00 476.00 OK
r-oldrel-macos-arm64 1.0.0 91.00 NOTE
r-oldrel-windows-x86_64 1.0.0 255.00 165.00 420.00 OK

Check Details

Version: 1.0.0
Check: installed package size
Result: NOTE installed size is 11.3Mb sub-directories of 1Mb or more: data 1.1Mb libs 9.0Mb Flavors: r-release-macos-arm64, r-release-macos-x86_64, r-oldrel-macos-arm64