CRAN Package Check Results for Package asremlPlus

Last updated on 2024-02-27 16:49:09 CET.

Flavor Version Tinstall Tcheck Ttotal Status Flags
r-devel-linux-x86_64-debian-clang 4.4.27 30.65 316.44 347.09 NOTE
r-devel-linux-x86_64-debian-gcc 4.4.27 24.11 229.53 253.64 NOTE
r-devel-linux-x86_64-fedora-clang 4.4.27 434.12 NOTE
r-devel-linux-x86_64-fedora-gcc 4.4.27 439.29 NOTE
r-devel-windows-x86_64 4.4.27 31.00 251.00 282.00 NOTE
r-patched-linux-x86_64 4.4.27 40.45 303.37 343.82 NOTE
r-release-linux-x86_64 4.4.27 33.31 308.95 342.26 NOTE
r-release-macos-arm64 4.4.27 80.00 NOTE
r-release-macos-x86_64 4.4.27 118.00 NOTE
r-release-windows-x86_64 4.4.27 44.00 325.00 369.00 NOTE
r-oldrel-macos-arm64 4.4.27 69.00 NOTE
r-oldrel-windows-x86_64 4.4.27 44.00 309.00 353.00 NOTE

Check Details

Version: 4.4.27
Check: package dependencies
Result: NOTE Package which this enhances but not available for checking: ‘asreml’ Flavors: r-devel-linux-x86_64-debian-clang, r-devel-linux-x86_64-debian-gcc, r-devel-linux-x86_64-fedora-clang, r-devel-linux-x86_64-fedora-gcc, r-devel-windows-x86_64, r-patched-linux-x86_64, r-release-linux-x86_64, r-release-macos-arm64, r-release-macos-x86_64, r-release-windows-x86_64, r-oldrel-macos-arm64, r-oldrel-windows-x86_64