Last updated on 2024-05-05 16:51:24 CEST.
Flavor | Version | Tinstall | Tcheck | Ttotal | Status | Flags |
---|---|---|---|---|---|---|
r-devel-linux-x86_64-debian-clang | 0.9.8.1 | 48.25 | 278.49 | 326.74 | NOTE | |
r-devel-linux-x86_64-debian-gcc | 0.9.8.1 | 42.16 | 191.62 | 233.78 | NOTE | |
r-devel-linux-x86_64-fedora-clang | 0.9.8.1 | 411.27 | NOTE | |||
r-devel-linux-x86_64-fedora-gcc | 0.9.8.1 | 391.09 | NOTE | |||
r-devel-windows-x86_64 | 0.9.8.1 | 40.00 | 175.00 | 215.00 | NOTE | |
r-patched-linux-x86_64 | 0.9.8.1 | 49.34 | 257.60 | 306.94 | NOTE | |
r-release-linux-x86_64 | 0.9.8.1 | 46.49 | 256.45 | 302.94 | NOTE | |
r-release-macos-arm64 | 0.9.8.1 | 87.00 | NOTE | |||
r-release-windows-x86_64 | 0.9.8.1 | 42.00 | 180.00 | 222.00 | NOTE | |
r-oldrel-macos-arm64 | 0.9.8.1 | 87.00 | OK | |||
r-oldrel-macos-x86_64 | 0.9.8.1 | 221.00 | OK | |||
r-oldrel-windows-x86_64 | 0.9.8.1 | 54.00 | 253.00 | 307.00 | OK |
Version: 0.9.8.1
Check: Rd files
Result: NOTE
checkRd: (-1) ataCoKriging.Rd:52: Lost braces; missing escapes or markup?
52 | only one contrained condition for all points and all variables, \\sum_{i=1}^n\\lambda_i +\\sum_{j=1}^m\\beta_j =1, assuming expected means of variables known and constant with the study area.
| ^
checkRd: (-1) ataCoKriging.Rd:52: Lost braces; missing escapes or markup?
52 | only one contrained condition for all points and all variables, \\sum_{i=1}^n\\lambda_i +\\sum_{j=1}^m\\beta_j =1, assuming expected means of variables known and constant with the study area.
| ^
Flavors: r-devel-linux-x86_64-debian-clang, r-devel-linux-x86_64-debian-gcc, r-devel-linux-x86_64-fedora-clang, r-devel-linux-x86_64-fedora-gcc, r-devel-windows-x86_64, r-patched-linux-x86_64, r-release-linux-x86_64, r-release-macos-arm64, r-release-windows-x86_64