CRAN Package Check Results for Package atlas

Last updated on 2024-03-02 00:53:19 CET.

Flavor Version Tinstall Tcheck Ttotal Status Flags
r-devel-linux-x86_64-debian-clang 1.0.0 2.20 22.44 24.64 NOTE
r-devel-linux-x86_64-debian-gcc 1.0.0 1.79 17.79 19.58 NOTE
r-devel-linux-x86_64-fedora-clang 1.0.0 30.78 NOTE
r-devel-linux-x86_64-fedora-gcc 1.0.0 29.48 NOTE
r-devel-windows-x86_64 1.0.0 3.00 43.00 46.00 NOTE
r-patched-linux-x86_64 1.0.0 2.42 22.90 25.32 NOTE
r-release-linux-x86_64 1.0.0 2.22 22.80 25.02 NOTE
r-release-macos-arm64 1.0.0 18.00 NOTE
r-release-macos-x86_64 1.0.0 22.00 NOTE
r-release-windows-x86_64 1.0.0 5.00 42.00 47.00 NOTE
r-oldrel-macos-arm64 1.0.0 17.00 NOTE
r-oldrel-windows-x86_64 1.0.0 3.00 47.00 50.00 NOTE

Additional issues

donttest

Check Details

Version: 1.0.0
Check: LazyData
Result: NOTE 'LazyData' is specified without a 'data' directory Flavors: r-devel-linux-x86_64-debian-clang, r-devel-linux-x86_64-debian-gcc, r-devel-linux-x86_64-fedora-clang, r-devel-linux-x86_64-fedora-gcc, r-devel-windows-x86_64, r-patched-linux-x86_64, r-release-linux-x86_64, r-release-macos-arm64, r-release-macos-x86_64, r-release-windows-x86_64, r-oldrel-macos-arm64, r-oldrel-windows-x86_64

Version: 1.0.0
Check: dependencies in R code
Result: NOTE Namespace in Imports field not imported from: ‘testthat’ All declared Imports should be used. Flavors: r-devel-linux-x86_64-fedora-clang, r-devel-linux-x86_64-fedora-gcc, r-oldrel-macos-arm64