CRAN Package Check Results for Package audrex

Last updated on 2024-02-25 01:00:57 CET.

Flavor Version Tinstall Tcheck Ttotal Status Flags
r-devel-linux-x86_64-debian-clang 2.0.1 17.67 155.28 172.95 OK
r-devel-linux-x86_64-debian-gcc 2.0.1 14.50 114.73 129.23 OK
r-devel-linux-x86_64-fedora-clang 2.0.1 210.81 NOTE
r-devel-linux-x86_64-fedora-gcc 2.0.1 203.72 NOTE
r-devel-windows-x86_64 2.0.1 17.00 113.00 130.00 OK
r-patched-linux-x86_64 2.0.1 12.38 146.48 158.86 OK
r-release-linux-x86_64 2.0.1 14.47 144.78 159.25 OK
r-release-macos-arm64 2.0.1 59.00 OK
r-release-macos-x86_64 2.0.1 95.00 OK
r-release-windows-x86_64 2.0.1 21.00 136.00 157.00 OK
r-oldrel-macos-arm64 2.0.1 58.00 NOTE
r-oldrel-windows-x86_64 2.0.1 20.00 150.00 170.00 OK

Check Details

Version: 2.0.1
Check: data for non-ASCII characters
Result: NOTE Note: found 1 marked UTF-8 string Flavors: r-devel-linux-x86_64-fedora-clang, r-devel-linux-x86_64-fedora-gcc, r-oldrel-macos-arm64