CRAN Package Check Results for Package aum

Last updated on 2024-02-22 08:54:02 CET.

Flavor Version Tinstall Tcheck Ttotal Status Flags
r-devel-linux-x86_64-debian-clang 2023.6.14 NOTE
r-devel-linux-x86_64-debian-gcc 2023.6.14 20.01 65.14 85.15 NOTE
r-devel-linux-x86_64-fedora-clang 2023.6.14 148.64 NOTE
r-devel-linux-x86_64-fedora-gcc 2023.6.14 161.43 NOTE
r-devel-windows-x86_64 2023.6.14 22.00 99.00 121.00 OK
r-patched-linux-x86_64 2023.6.14 25.56 84.46 110.02 NOTE
r-release-linux-x86_64 2023.6.14 27.18 81.49 108.67 NOTE
r-release-macos-arm64 2023.6.14 63.00 OK
r-release-macos-x86_64 2023.6.14 173.00 OK
r-release-windows-x86_64 2023.6.14 21.00 119.00 140.00 OK
r-oldrel-macos-arm64 2023.6.14 64.00 OK
r-oldrel-windows-x86_64 2023.6.14 25.00 121.00 146.00 OK

Check Details

Version: 2023.6.14
Check: package dependencies
Result: NOTE Package suggested but not available for checking: ‘nc’ Flavors: r-devel-linux-x86_64-debian-clang, r-devel-linux-x86_64-debian-gcc, r-devel-linux-x86_64-fedora-clang, r-devel-linux-x86_64-fedora-gcc, r-patched-linux-x86_64, r-release-linux-x86_64