CRAN Package Check Results for Package auto.pca

Last updated on 2024-03-01 08:52:52 CET.

Flavor Version Tinstall Tcheck Ttotal Status Flags
r-devel-linux-x86_64-debian-clang 0.3 3.14 31.09 34.23 NOTE
r-devel-linux-x86_64-debian-gcc 0.3 2.15 24.14 26.29 NOTE
r-devel-linux-x86_64-fedora-clang 0.3 42.99 NOTE
r-devel-linux-x86_64-fedora-gcc 0.3 40.39 NOTE
r-devel-windows-x86_64 0.3 4.00 44.00 48.00 NOTE
r-patched-linux-x86_64 0.3 2.47 29.82 32.29 NOTE
r-release-linux-x86_64 0.3 2.63 30.07 32.70 NOTE
r-release-macos-arm64 0.3 15.00 NOTE
r-release-macos-x86_64 0.3 26.00 NOTE
r-release-windows-x86_64 0.3 4.00 47.00 51.00 NOTE
r-oldrel-macos-arm64 0.3 21.00 NOTE
r-oldrel-windows-x86_64 0.3 4.00 54.00 58.00 NOTE

Check Details

Version: 0.3
Check: LazyData
Result: NOTE 'LazyData' is specified without a 'data' directory Flavors: r-devel-linux-x86_64-debian-clang, r-devel-linux-x86_64-debian-gcc, r-devel-linux-x86_64-fedora-clang, r-devel-linux-x86_64-fedora-gcc, r-devel-windows-x86_64, r-patched-linux-x86_64, r-release-linux-x86_64, r-release-macos-arm64, r-release-macos-x86_64, r-release-windows-x86_64, r-oldrel-macos-arm64, r-oldrel-windows-x86_64