CRAN Package Check Results for Package autoBagging

Last updated on 2024-03-02 00:53:19 CET.

Flavor Version Tinstall Tcheck Ttotal Status Flags
r-devel-linux-x86_64-debian-clang 0.1.0 14.17 109.97 124.14 OK
r-devel-linux-x86_64-debian-gcc 0.1.0 12.23 84.69 96.92 OK
r-devel-linux-x86_64-fedora-clang 0.1.0 164.58 NOTE
r-devel-linux-x86_64-fedora-gcc 0.1.0 155.57 NOTE
r-devel-windows-x86_64 0.1.0 15.00 104.00 119.00 OK
r-patched-linux-x86_64 0.1.0 12.74 106.88 119.62 OK
r-release-linux-x86_64 0.1.0 14.35 108.43 122.78 OK
r-release-macos-arm64 0.1.0 49.00 OK
r-release-macos-x86_64 0.1.0 79.00 OK
r-release-windows-x86_64 0.1.0 21.00 117.00 138.00 OK
r-oldrel-macos-arm64 0.1.0 44.00 NOTE
r-oldrel-windows-x86_64 0.1.0 20.00 128.00 148.00 OK

Check Details

Version: 0.1.0
Check: dependencies in R code
Result: NOTE Namespace in Imports field not imported from: ‘abind’ All declared Imports should be used. Flavors: r-devel-linux-x86_64-fedora-clang, r-devel-linux-x86_64-fedora-gcc, r-oldrel-macos-arm64