CRAN Package Check Results for Package autoTS

Last updated on 2024-02-23 16:53:11 CET.

Flavor Version Tinstall Tcheck Ttotal Status Flags
r-devel-linux-x86_64-debian-clang 0.9.11 NOTE
r-devel-linux-x86_64-debian-gcc 0.9.11 3.14 70.46 73.60 NOTE
r-devel-linux-x86_64-fedora-clang 0.9.11 121.60 NOTE
r-devel-linux-x86_64-fedora-gcc 0.9.11 115.57 NOTE
r-devel-windows-x86_64 0.9.11 5.00 92.00 97.00 NOTE
r-patched-linux-x86_64 0.9.11 3.64 91.67 95.31 NOTE
r-release-linux-x86_64 0.9.11 2.71 91.95 94.66 NOTE
r-release-macos-arm64 0.9.11 38.00 NOTE
r-release-macos-x86_64 0.9.11 63.00 NOTE
r-release-windows-x86_64 0.9.11 6.00 105.00 111.00 NOTE
r-oldrel-macos-arm64 0.9.11 34.00 NOTE
r-oldrel-windows-x86_64 0.9.11 6.00 109.00 115.00 NOTE

Check Details

Version: 0.9.11
Check: LazyData
Result: NOTE 'LazyData' is specified without a 'data' directory Flavors: r-devel-linux-x86_64-debian-clang, r-devel-linux-x86_64-debian-gcc, r-devel-linux-x86_64-fedora-clang, r-devel-linux-x86_64-fedora-gcc, r-devel-windows-x86_64, r-patched-linux-x86_64, r-release-linux-x86_64, r-release-macos-arm64, r-release-macos-x86_64, r-release-windows-x86_64, r-oldrel-macos-arm64, r-oldrel-windows-x86_64

Version: 0.9.11
Check: dependencies in R code
Result: NOTE Namespaces in Imports field not imported from: ‘plotly’ ‘shinycssloaders’ All declared Imports should be used. Flavors: r-devel-linux-x86_64-fedora-clang, r-devel-linux-x86_64-fedora-gcc, r-oldrel-macos-arm64