CRAN Package Check Results for Package autokeras

Last updated on 2024-02-24 08:49:30 CET.

Flavor Version Tinstall Tcheck Ttotal Status Flags
r-devel-linux-x86_64-debian-clang 1.0.12 8.40 84.58 92.98 NOTE
r-devel-linux-x86_64-debian-gcc 1.0.12 7.35 65.22 72.57 NOTE
r-devel-linux-x86_64-fedora-clang 1.0.12 114.00 NOTE
r-devel-linux-x86_64-fedora-gcc 1.0.12 112.13 NOTE
r-devel-windows-x86_64 1.0.12 9.00 128.00 137.00 NOTE
r-patched-linux-x86_64 1.0.12 8.55 84.84 93.39 NOTE
r-release-linux-x86_64 1.0.12 9.71 84.13 93.84 NOTE
r-release-macos-arm64 1.0.12 35.00 NOTE
r-release-macos-x86_64 1.0.12 59.00 NOTE
r-release-windows-x86_64 1.0.12 11.00 127.00 138.00 NOTE
r-oldrel-macos-arm64 1.0.12 33.00 NOTE
r-oldrel-windows-x86_64 1.0.12 13.00 124.00 137.00 NOTE

Check Details

Version: 1.0.12
Check: LazyData
Result: NOTE 'LazyData' is specified without a 'data' directory Flavors: r-devel-linux-x86_64-debian-clang, r-devel-linux-x86_64-debian-gcc, r-devel-linux-x86_64-fedora-clang, r-devel-linux-x86_64-fedora-gcc, r-devel-windows-x86_64, r-patched-linux-x86_64, r-release-linux-x86_64, r-release-macos-arm64, r-release-macos-x86_64, r-release-windows-x86_64, r-oldrel-macos-arm64, r-oldrel-windows-x86_64

Version: 1.0.12
Check: Rd cross-references
Result: NOTE Undeclared package ‘tensorflow’ in Rd xrefs Flavor: r-devel-linux-x86_64-fedora-clang