CRAN Package Check Results for Package autonewsmd

Last updated on 2024-02-26 16:56:17 CET.

Flavor Version Tinstall Tcheck Ttotal Status Flags
r-devel-linux-x86_64-debian-clang 0.0.6 3.03 36.15 39.18 NOTE
r-devel-linux-x86_64-debian-gcc 0.0.6 2.50 27.53 30.03 NOTE
r-devel-linux-x86_64-fedora-clang 0.0.6 49.94 OK
r-devel-linux-x86_64-fedora-gcc 0.0.6 57.85 OK
r-devel-windows-x86_64 0.0.6 4.00 56.00 60.00 OK
r-patched-linux-x86_64 0.0.6 2.69 34.46 37.15 OK
r-release-linux-x86_64 0.0.6 3.73 34.57 38.30 OK
r-release-macos-arm64 0.0.6 34.00 OK
r-release-macos-x86_64 0.0.6 60.00 OK
r-release-windows-x86_64 0.0.6 5.00 59.00 64.00 OK
r-oldrel-macos-arm64 0.0.6 28.00 OK
r-oldrel-windows-x86_64 0.0.6 5.00 57.00 62.00 OK

Check Details

Version: 0.0.6
Check: Rd files
Result: NOTE checkRd: (-1) autonewsmd.Rd:197: Lost braces 197 | Defaults to `"^v(\\d+\\.){2}\\d+(\\.\\d+)?$"` to identify patterns of | ^ Flavors: r-devel-linux-x86_64-debian-clang, r-devel-linux-x86_64-debian-gcc