CRAN Package Check Results for Package aweSOM

Last updated on 2024-03-03 01:00:37 CET.

Flavor Version Tinstall Tcheck Ttotal Status Flags
r-devel-linux-x86_64-debian-clang 1.3 6.06 60.86 66.92 OK
r-devel-linux-x86_64-debian-gcc 1.3 4.95 44.61 49.56 OK
r-devel-linux-x86_64-fedora-clang 1.3 80.69 NOTE
r-devel-linux-x86_64-fedora-gcc 1.3 89.45 NOTE
r-devel-windows-x86_64 1.3 7.00 70.00 77.00 OK
r-patched-linux-x86_64 1.3 4.62 57.64 62.26 OK
r-release-linux-x86_64 1.3 5.23 57.90 63.13 OK
r-release-macos-arm64 1.3 33.00 OK
r-release-macos-x86_64 1.3 65.00 OK
r-release-windows-x86_64 1.3 10.00 77.00 87.00 OK
r-oldrel-macos-arm64 1.3 29.00 NOTE
r-oldrel-windows-x86_64 1.3 9.00 82.00 91.00 OK

Check Details

Version: 1.3
Check: dependencies in R code
Result: NOTE Namespaces in Imports field not imported from: ‘DT’ ‘bslib’ ‘rclipboard’ ‘rmarkdown’ All declared Imports should be used. Flavors: r-devel-linux-x86_64-fedora-clang, r-devel-linux-x86_64-fedora-gcc, r-oldrel-macos-arm64