Last updated on 2024-05-04 08:51:08 CEST.
Flavor | Version | Tinstall | Tcheck | Ttotal | Status | Flags |
---|---|---|---|---|---|---|
r-devel-linux-x86_64-debian-clang | 2.1.0 | 19.68 | 204.93 | 224.61 | OK | |
r-devel-linux-x86_64-debian-gcc | 2.1.0 | 15.17 | 148.99 | 164.16 | OK | |
r-devel-linux-x86_64-fedora-clang | 2.1.0 | 272.21 | NOTE | |||
r-devel-linux-x86_64-fedora-gcc | 2.1.0 | 279.88 | OK | |||
r-devel-windows-x86_64 | 2.1.0 | 16.00 | 174.00 | 190.00 | NOTE | |
r-patched-linux-x86_64 | 2.1.0 | 17.30 | 195.78 | 213.08 | OK | |
r-release-linux-x86_64 | 2.1.0 | 11.70 | 193.99 | 205.69 | OK | |
r-release-macos-arm64 | 2.1.0 | 87.00 | NOTE | |||
r-release-macos-x86_64 | 2.1.0 | 240.00 | NOTE | |||
r-release-windows-x86_64 | 2.1.0 | 16.00 | 187.00 | 203.00 | NOTE | |
r-oldrel-macos-arm64 | 2.1.0 | 98.00 | NOTE | |||
r-oldrel-macos-x86_64 | 2.1.0 | 233.00 | NOTE | |||
r-oldrel-windows-x86_64 | 2.1.0 | 20.00 | 221.00 | 241.00 | NOTE |
Version: 2.1.0
Check: installed package size
Result: NOTE
installed size is 6.1Mb
sub-directories of 1Mb or more:
doc 2.8Mb
help 2.2Mb
Flavors: r-devel-linux-x86_64-fedora-clang, r-devel-windows-x86_64, r-release-macos-arm64, r-release-macos-x86_64, r-release-windows-x86_64, r-oldrel-macos-arm64, r-oldrel-macos-x86_64, r-oldrel-windows-x86_64
Version: 2.1.0
Check: Rd cross-references
Result: NOTE
Undeclared package ‘monitoR’ in Rd xrefs
Flavor: r-devel-linux-x86_64-fedora-clang