Last updated on 2024-05-02 00:58:27 CEST.
Flavor | Version | Tinstall | Tcheck | Ttotal | Status | Flags |
---|---|---|---|---|---|---|
r-devel-linux-x86_64-debian-clang | 0.1.2 | 58.70 | 476.26 | 534.96 | NOTE | |
r-devel-linux-x86_64-debian-gcc | 0.1.2 | 40.08 | 355.80 | 395.88 | NOTE | |
r-devel-linux-x86_64-fedora-clang | 0.1.2 | 670.93 | NOTE | |||
r-devel-linux-x86_64-fedora-gcc | 0.1.2 | 665.26 | NOTE | |||
r-devel-windows-x86_64 | 0.1.2 | 55.00 | 415.00 | 470.00 | NOTE | |
r-patched-linux-x86_64 | 0.1.2 | 41.85 | 467.20 | 509.05 | NOTE | |
r-release-linux-x86_64 | 0.1.2 | 51.06 | 454.45 | 505.51 | NOTE | |
r-release-macos-arm64 | 0.1.2 | 196.00 | NOTE | |||
r-release-windows-x86_64 | 0.1.2 | 55.00 | 425.00 | 480.00 | NOTE | |
r-oldrel-macos-arm64 | 0.1.2 | 190.00 | NOTE | |||
r-oldrel-macos-x86_64 | 0.1.2 | 263.00 | NOTE | |||
r-oldrel-windows-x86_64 | 0.1.2 | 71.00 | 548.00 | 619.00 | NOTE |
Version: 0.1.2
Check: package dependencies
Result: NOTE
Package suggested but not available for checking: ‘lixoftConnectors’
Flavors: r-devel-linux-x86_64-debian-clang, r-devel-linux-x86_64-debian-gcc, r-devel-linux-x86_64-fedora-clang, r-devel-linux-x86_64-fedora-gcc, r-devel-windows-x86_64, r-patched-linux-x86_64, r-release-linux-x86_64, r-release-macos-arm64, r-release-windows-x86_64, r-oldrel-macos-arm64, r-oldrel-macos-x86_64, r-oldrel-windows-x86_64