Last updated on 2023-12-03 00:56:36 CET.
Flavor | Version | Tinstall | Tcheck | Ttotal | Status | Flags |
---|---|---|---|---|---|---|
r-devel-linux-x86_64-debian-clang | 1.0.2 | 7.77 | 194.64 | 202.41 | NOTE | |
r-devel-linux-x86_64-debian-gcc | 1.0.2 | 6.15 | 134.05 | 140.20 | NOTE | |
r-devel-linux-x86_64-fedora-clang | 1.0.3 | 241.16 | OK | |||
r-devel-linux-x86_64-fedora-gcc | 1.0.3 | 247.83 | OK | |||
r-devel-windows-x86_64 | 1.0.2 | 8.00 | 161.00 | 169.00 | OK | |
r-patched-linux-x86_64 | 1.0.2 | 11.68 | 185.24 | 196.92 | OK | |
r-release-linux-x86_64 | 1.0.2 | 5.55 | 183.37 | 188.92 | OK | |
r-release-macos-arm64 | 1.0.3 | 73.00 | OK | |||
r-release-macos-x86_64 | 1.0.2 | 134.00 | OK | |||
r-release-windows-x86_64 | 1.0.2 | 9.00 | 211.00 | 220.00 | OK | |
r-oldrel-macos-arm64 | 1.0.3 | 71.00 | OK | |||
r-oldrel-macos-x86_64 | 1.0.2 | 93.00 | OK | |||
r-oldrel-windows-x86_64 | 1.0.2 | 10.00 | 190.00 | 200.00 | OK |
Version: 1.0.2
Check: Rd files
Result: NOTE
checkRd: (-1) plot.hef.Rd:35-36: Lost braces in \itemize; meant \describe ?
checkRd: (-1) plot.hef.Rd:37-43: Lost braces in \itemize; meant \describe ?
checkRd: (-1) plot.hef.Rd:44-48: Lost braces in \itemize; meant \describe ?
checkRd: (-1) plot.hef.Rd:63-64: Lost braces in \itemize; meant \describe ?
checkRd: (-1) plot.hef.Rd:65-66: Lost braces in \itemize; meant \describe ?
checkRd: (-1) plot.hef.Rd:67: Lost braces in \itemize; meant \describe ?
checkRd: (-1) plot.hef.Rd:68-70: Lost braces in \itemize; meant \describe ?
checkRd: (-1) temp1.Rd:10-11: Lost braces in \itemize; meant \describe ?
checkRd: (-1) temp1.Rd:12-13: Lost braces in \itemize; meant \describe ?
checkRd: (-1) temp1.Rd:14-15: Lost braces in \itemize; meant \describe ?
checkRd: (-1) temp1.Rd:16: Lost braces in \itemize; meant \describe ?
checkRd: (-1) temp2.Rd:10-11: Lost braces in \itemize; meant \describe ?
checkRd: (-1) temp2.Rd:12-13: Lost braces in \itemize; meant \describe ?
checkRd: (-1) temp2.Rd:14-15: Lost braces in \itemize; meant \describe ?
checkRd: (-1) temp2.Rd:16: Lost braces in \itemize; meant \describe ?
checkRd: (-1) weight_gain.Rd:10-11: Lost braces in \itemize; meant \describe ?
checkRd: (-1) weight_gain.Rd:12-13: Lost braces in \itemize; meant \describe ?
checkRd: (-1) weight_gain.Rd:14: Lost braces in \itemize; meant \describe ?
Flavors: r-devel-linux-x86_64-debian-clang, r-devel-linux-x86_64-debian-gcc