CRAN Package Check Results for Package banxicoR

Last updated on 2024-02-25 08:52:55 CET.

Flavor Version Tinstall Tcheck Ttotal Status Flags
r-devel-linux-x86_64-debian-clang 0.9.0 3.23 35.94 39.17 OK
r-devel-linux-x86_64-debian-gcc 0.9.0 2.83 29.00 31.83 OK
r-devel-linux-x86_64-fedora-clang 0.9.0 54.27 NOTE
r-devel-linux-x86_64-fedora-gcc 0.9.0 50.90 NOTE
r-devel-windows-x86_64 0.9.0 5.00 48.00 53.00 OK
r-patched-linux-x86_64 0.9.0 3.84 36.51 40.35 OK
r-release-linux-x86_64 0.9.0 3.12 36.00 39.12 OK
r-release-macos-arm64 0.9.0 21.00 OK
r-release-macos-x86_64 0.9.0 23.00 OK
r-release-windows-x86_64 0.9.0 7.00 51.00 58.00 OK
r-oldrel-macos-arm64 0.9.0 18.00 NOTE
r-oldrel-windows-x86_64 0.9.0 6.00 55.00 61.00 OK

Check Details

Version: 0.9.0
Check: data for non-ASCII characters
Result: NOTE Note: found 148 marked UTF-8 strings Flavors: r-devel-linux-x86_64-fedora-clang, r-devel-linux-x86_64-fedora-gcc, r-oldrel-macos-arm64