CRAN Package Check Results for Package baskexact

Last updated on 2024-02-25 16:51:35 CET.

Flavor Version Tinstall Tcheck Ttotal Status Flags
r-devel-linux-x86_64-debian-clang 0.1.0 36.49 104.97 141.46 NOTE
r-devel-linux-x86_64-debian-gcc 0.1.0 23.98 72.27 96.25 NOTE
r-devel-linux-x86_64-fedora-clang 0.1.0 183.82 NOTE
r-devel-linux-x86_64-fedora-gcc 0.1.0 169.51 NOTE
r-devel-windows-x86_64 0.1.0 26.00 112.00 138.00 NOTE
r-patched-linux-x86_64 0.1.0 26.66 103.30 129.96 NOTE
r-release-linux-x86_64 0.1.0 32.75 102.21 134.96 NOTE
r-release-macos-arm64 0.1.0 45.00 NOTE
r-release-macos-x86_64 0.1.0 80.00 NOTE
r-release-windows-x86_64 0.1.0 33.00 127.00 160.00 NOTE
r-oldrel-macos-arm64 0.1.0 41.00 OK
r-oldrel-windows-x86_64 0.1.0 32.00 122.00 154.00 OK

Check Details

Version: 0.1.0
Check: C++ specification
Result: NOTE Specified C++11: please drop specification unless essential Flavors: r-devel-linux-x86_64-debian-clang, r-devel-linux-x86_64-debian-gcc, r-devel-linux-x86_64-fedora-clang, r-devel-linux-x86_64-fedora-gcc, r-devel-windows-x86_64, r-patched-linux-x86_64, r-release-linux-x86_64, r-release-macos-arm64, r-release-macos-x86_64, r-release-windows-x86_64