CRAN Package Check Results for Package batman

Last updated on 2024-02-24 16:48:13 CET.

Flavor Version Tinstall Tcheck Ttotal Status Flags
r-devel-linux-x86_64-debian-clang 0.1.0 28.22 28.34 56.56 OK
r-devel-linux-x86_64-debian-gcc 0.1.0 19.05 22.65 41.70 OK
r-devel-linux-x86_64-fedora-clang 0.1.0 84.37 NOTE
r-devel-linux-x86_64-fedora-gcc 0.1.0 73.36 NOTE
r-devel-windows-x86_64 0.1.0 21.00 64.00 85.00 OK
r-patched-linux-x86_64 0.1.0 26.27 27.97 54.24 OK
r-release-linux-x86_64 0.1.0 24.69 27.82 52.51 OK
r-release-macos-arm64 0.1.0 24.00 OK
r-release-macos-x86_64 0.1.0 39.00 OK
r-release-windows-x86_64 0.1.0 20.00 69.00 89.00 OK
r-oldrel-macos-arm64 0.1.0 25.00 OK
r-oldrel-windows-x86_64 0.1.0 25.00 68.00 93.00 OK

Check Details

Version: 0.1.0
Check: data for non-ASCII characters
Result: NOTE Note: found 19 marked UTF-8 strings Flavors: r-devel-linux-x86_64-fedora-clang, r-devel-linux-x86_64-fedora-gcc

Version: 0.1.0
Check: compiled code
Result: NOTE File ‘batman/libs/batman.so’: Found no calls to: ‘R_registerRoutines’, ‘R_useDynamicSymbols’ It is good practice to register native routines and to disable symbol search. See ‘Writing portable packages’ in the ‘Writing R Extensions’ manual. Flavors: r-devel-linux-x86_64-fedora-clang, r-devel-linux-x86_64-fedora-gcc