CRAN Package Check Results for Package bayesbr

Last updated on 2024-02-27 16:49:10 CET.

Flavor Version Tinstall Tcheck Ttotal Status Flags
r-devel-linux-x86_64-debian-clang 0.0.1.0 179.49 243.50 422.99 NOTE
r-devel-linux-x86_64-debian-gcc 0.0.1.0 158.15 210.75 368.90 NOTE
r-devel-linux-x86_64-fedora-clang 0.0.1.0 521.97 NOTE
r-devel-linux-x86_64-fedora-gcc 0.0.1.0 671.09 NOTE
r-devel-windows-x86_64 0.0.1.0 141.00 256.00 397.00 NOTE
r-patched-linux-x86_64 0.0.1.0 0.02 2.55 2.57 ERROR
r-release-linux-x86_64 0.0.1.0 0.02 2.35 2.37 ERROR
r-release-macos-arm64 0.0.1.0 131.00 NOTE
r-release-macos-x86_64 0.0.1.0 235.00 NOTE
r-release-windows-x86_64 0.0.1.0 174.00 305.00 479.00 NOTE
r-oldrel-macos-arm64 0.0.1.0 127.00 NOTE
r-oldrel-windows-x86_64 0.0.1.0 167.00 292.00 459.00 NOTE

Check Details

Version: 0.0.1.0
Check: Rd files
Result: NOTE checkRd: (-1) FoodExpenditure.Rd:48: Lost braces 48 | doi{10.1002/jae.3950090208} Griffiths, W.E., Hill, R.C., and Judge, G.G. (1993). | ^ checkRd: (-1) GasolineYield.Rd:30: Lost braces; missing escapes or markup? 30 | variables. It was observed that there are only ten sets of values for the first three explanatory variables, so these sets served as conditions for controlled distillation. These conditions are listed in the variable \ code {batch}. | ^ Flavors: r-devel-linux-x86_64-debian-clang, r-devel-linux-x86_64-debian-gcc, r-devel-linux-x86_64-fedora-clang, r-devel-linux-x86_64-fedora-gcc

Version: 0.0.1.0
Check: for GNU extensions in Makefiles
Result: NOTE GNU make is a SystemRequirements. Flavors: r-devel-linux-x86_64-debian-clang, r-devel-linux-x86_64-debian-gcc, r-devel-linux-x86_64-fedora-clang, r-devel-linux-x86_64-fedora-gcc, r-devel-windows-x86_64, r-release-macos-arm64, r-release-macos-x86_64, r-release-windows-x86_64, r-oldrel-macos-arm64, r-oldrel-windows-x86_64

Version: 0.0.1.0
Check: dependencies in R code
Result: NOTE Namespaces in Imports field not imported from: ‘magrittr’ ‘rstantools’ All declared Imports should be used. Flavors: r-devel-linux-x86_64-fedora-clang, r-devel-linux-x86_64-fedora-gcc, r-oldrel-macos-arm64

Version: 0.0.1.0
Check: whether package can be installed
Result: ERROR Installation failed. Flavors: r-patched-linux-x86_64, r-release-linux-x86_64

Version: 0.0.1.0
Check: installed package size
Result: NOTE installed size is 42.2Mb sub-directories of 1Mb or more: libs 40.1Mb Flavors: r-release-macos-arm64, r-release-macos-x86_64, r-oldrel-macos-arm64