Last updated on 2024-04-23 01:06:01 CEST.
Flavor | Version | Tinstall | Tcheck | Ttotal | Status | Flags |
---|---|---|---|---|---|---|
r-devel-linux-x86_64-debian-clang | 0.5.4 | 11.16 | 63.79 | 74.95 | OK | |
r-devel-linux-x86_64-debian-gcc | 0.5.4 | 7.40 | 48.11 | 55.51 | OK | |
r-devel-linux-x86_64-fedora-clang | 0.5.4 | 93.84 | NOTE | |||
r-devel-linux-x86_64-fedora-gcc | 0.5.4 | 86.68 | NOTE | |||
r-prerel-macos-arm64 | 0.5.4 | 27.00 | NOTE | |||
r-prerel-windows-x86_64 | 0.5.4 | 10.00 | 65.00 | 75.00 | NOTE | |
r-patched-linux-x86_64 | 0.5.4 | 8.97 | 62.09 | 71.06 | OK | |
r-release-linux-x86_64 | 0.5.4 | 7.18 | 61.15 | 68.33 | OK | |
r-release-macos-arm64 | 0.5.4 | 30.00 | NOTE | |||
r-release-macos-x86_64 | 0.5.4 | 42.00 | NOTE | |||
r-release-windows-x86_64 | 0.5.4 | 11.00 | 76.00 | 87.00 | NOTE | |
r-oldrel-macos-arm64 | 0.5.4 | 28.00 | NOTE | |||
r-oldrel-windows-x86_64 | 0.5.4 | 11.00 | 76.00 | 87.00 | NOTE |
Version: 0.5.4
Check: dependencies in R code
Result: NOTE
Namespaces in Imports field not imported from:
‘knitr’ ‘rlang’
All declared Imports should be used.
Flavors: r-devel-linux-x86_64-fedora-clang, r-devel-linux-x86_64-fedora-gcc, r-oldrel-macos-arm64
Version: 0.5.4
Check: package dependencies
Result: NOTE
Package suggested but not available for checking: ‘BRugs’
Flavors: r-prerel-macos-arm64, r-prerel-windows-x86_64, r-release-macos-arm64, r-release-macos-x86_64, r-release-windows-x86_64, r-oldrel-macos-arm64, r-oldrel-windows-x86_64