CRAN Package Check Results for Package beast

Last updated on 2024-03-01 00:55:13 CET.

Flavor Version Tinstall Tcheck Ttotal Status Flags
r-devel-linux-x86_64-debian-clang 1.1 2.61 36.86 39.47 NOTE
r-devel-linux-x86_64-debian-gcc 1.1 2.82 27.43 30.25 NOTE
r-devel-linux-x86_64-fedora-clang 1.1 49.67 NOTE
r-devel-linux-x86_64-fedora-gcc 1.1 49.04 NOTE
r-devel-windows-x86_64 1.1 4.00 49.00 53.00 OK
r-patched-linux-x86_64 1.1 3.73 35.61 39.34 NOTE
r-release-linux-x86_64 1.1 3.62 36.42 40.04 NOTE
r-release-macos-arm64 1.1 18.00 OK
r-release-macos-x86_64 1.1 28.00 OK
r-release-windows-x86_64 1.1 4.00 51.00 55.00 OK
r-oldrel-macos-arm64 1.1 19.00 OK
r-oldrel-windows-x86_64 1.1 9.00 58.00 67.00 OK

Check Details

Version: 1.1
Check: for non-standard things in the check directory
Result: NOTE Found the following files/directories: ‘beast_plot_toy.pdf’ Flavors: r-devel-linux-x86_64-debian-clang, r-devel-linux-x86_64-debian-gcc, r-devel-linux-x86_64-fedora-clang, r-devel-linux-x86_64-fedora-gcc, r-patched-linux-x86_64, r-release-linux-x86_64