CRAN Package Check Results for Package belex

Last updated on 2024-02-25 08:52:55 CET.

Flavor Version Tinstall Tcheck Ttotal Status Flags
r-devel-linux-x86_64-debian-clang 0.1.0 1.70 21.22 22.92 NOTE
r-devel-linux-x86_64-debian-gcc 0.1.0 1.54 16.61 18.15 NOTE
r-devel-linux-x86_64-fedora-clang 0.1.0 28.75 NOTE
r-devel-linux-x86_64-fedora-gcc 0.1.0 28.34 NOTE
r-devel-windows-x86_64 0.1.0 2.00 37.00 39.00 NOTE
r-patched-linux-x86_64 0.1.0 2.02 21.73 23.75 NOTE
r-release-linux-x86_64 0.1.0 1.95 20.87 22.82 NOTE
r-release-macos-arm64 0.1.0 14.00 NOTE
r-release-macos-x86_64 0.1.0 19.00 NOTE
r-release-windows-x86_64 0.1.0 4.00 39.00 43.00 NOTE
r-oldrel-macos-arm64 0.1.0 16.00 NOTE
r-oldrel-windows-x86_64 0.1.0 4.00 44.00 48.00 NOTE

Check Details

Version: 0.1.0
Check: LazyData
Result: NOTE 'LazyData' is specified without a 'data' directory Flavors: r-devel-linux-x86_64-debian-clang, r-devel-linux-x86_64-debian-gcc, r-devel-linux-x86_64-fedora-clang, r-devel-linux-x86_64-fedora-gcc, r-devel-windows-x86_64, r-patched-linux-x86_64, r-release-linux-x86_64, r-release-macos-arm64, r-release-macos-x86_64, r-release-windows-x86_64, r-oldrel-macos-arm64, r-oldrel-windows-x86_64