CRAN Package Check Results for Package benchr

Last updated on 2024-02-22 16:49:11 CET.

Flavor Version Tinstall Tcheck Ttotal Status Flags
r-devel-linux-x86_64-debian-clang 0.2.5 NOTE
r-devel-linux-x86_64-debian-gcc 0.2.5 19.31 31.15 50.46 NOTE
r-devel-linux-x86_64-fedora-clang 0.2.5 98.48 NOTE
r-devel-linux-x86_64-fedora-gcc 0.2.5 91.04 NOTE
r-devel-windows-x86_64 0.2.5 22.00 75.00 97.00 NOTE
r-patched-linux-x86_64 0.2.5 25.79 39.79 65.58 NOTE
r-release-linux-x86_64 0.2.5 25.79 39.89 65.68 NOTE
r-release-macos-arm64 0.2.5 33.00 NOTE
r-release-macos-x86_64 0.2.5 48.00 NOTE
r-release-windows-x86_64 0.2.5 21.00 81.00 102.00 NOTE
r-oldrel-macos-arm64 0.2.5 33.00 NOTE
r-oldrel-windows-x86_64 0.2.5 31.00 81.00 112.00 NOTE

Check Details

Version: 0.2.5
Check: C++ specification
Result: NOTE Specified C++11: please drop specification unless essential Flavors: r-devel-linux-x86_64-debian-clang, r-devel-linux-x86_64-debian-gcc, r-devel-linux-x86_64-fedora-clang, r-devel-linux-x86_64-fedora-gcc, r-devel-windows-x86_64, r-patched-linux-x86_64, r-release-linux-x86_64, r-release-macos-arm64, r-release-macos-x86_64, r-release-windows-x86_64

Version: 0.2.5
Check: LazyData
Result: NOTE 'LazyData' is specified without a 'data' directory Flavors: r-devel-linux-x86_64-debian-clang, r-devel-linux-x86_64-debian-gcc, r-devel-linux-x86_64-fedora-clang, r-devel-linux-x86_64-fedora-gcc, r-devel-windows-x86_64, r-patched-linux-x86_64, r-release-linux-x86_64, r-release-macos-arm64, r-release-macos-x86_64, r-release-windows-x86_64, r-oldrel-macos-arm64, r-oldrel-windows-x86_64