CRAN Package Check Results for Package bgmm

Last updated on 2024-02-27 08:55:10 CET.

Flavor Version Tinstall Tcheck Ttotal Status Flags
r-devel-linux-x86_64-debian-clang 1.8.5 5.56 51.53 57.09 NOTE
r-devel-linux-x86_64-debian-gcc 1.8.5 3.30 38.84 42.14 NOTE
r-devel-linux-x86_64-fedora-clang 1.8.5 69.05 NOTE
r-devel-linux-x86_64-fedora-gcc 1.8.5 67.11 NOTE
r-devel-windows-x86_64 1.8.5 6.00 60.00 66.00 NOTE
r-patched-linux-x86_64 1.8.5 4.57 51.10 55.67 NOTE
r-release-linux-x86_64 1.8.5 3.79 50.80 54.59 NOTE
r-release-macos-arm64 1.8.5 23.00 NOTE
r-release-macos-x86_64 1.8.5 36.00 NOTE
r-release-windows-x86_64 1.8.5 8.00 66.00 74.00 NOTE
r-oldrel-macos-arm64 1.8.5 25.00 OK
r-oldrel-windows-x86_64 1.8.5 7.00 74.00 81.00 OK

Check Details

Version: 1.8.5
Check: Rd files
Result: NOTE checkRd: (-1) bgmm-package.Rd:23: Escaped LaTeX specials: \& Flavors: r-devel-linux-x86_64-debian-clang, r-devel-linux-x86_64-debian-gcc, r-devel-linux-x86_64-fedora-clang, r-devel-linux-x86_64-fedora-gcc, r-devel-windows-x86_64, r-patched-linux-x86_64, r-release-linux-x86_64, r-release-macos-arm64, r-release-macos-x86_64, r-release-windows-x86_64