CRAN Package Check Results for Package biglasso

Last updated on 2024-02-28 08:54:22 CET.

Flavor Version Tinstall Tcheck Ttotal Status Flags
r-devel-linux-x86_64-debian-clang 1.5.2 105.14 110.29 215.43 NOTE
r-devel-linux-x86_64-debian-gcc 1.5.2 97.39 86.30 183.69 NOTE
r-devel-linux-x86_64-fedora-clang 1.5.2 311.38 NOTE
r-devel-linux-x86_64-fedora-gcc 1.5.2 335.58 NOTE
r-devel-windows-x86_64 1.5.2 95.00 156.00 251.00 NOTE
r-patched-linux-x86_64 1.5.2 108.94 109.05 217.99 NOTE
r-release-linux-x86_64 1.5.2 128.15 108.56 236.71 NOTE
r-release-macos-arm64 1.5.2 101.00 NOTE
r-release-macos-x86_64 1.5.2 160.00 NOTE
r-release-windows-x86_64 1.5.2 123.00 169.00 292.00 NOTE
r-oldrel-macos-arm64 1.5.2 82.00 NOTE
r-oldrel-windows-x86_64 1.5.2 116.00 175.00 291.00 OK

Check Details

Version: 1.5.2
Check: C++ specification
Result: NOTE Specified C++11: please drop specification unless essential Flavors: r-devel-linux-x86_64-debian-clang, r-devel-linux-x86_64-debian-gcc, r-devel-linux-x86_64-fedora-clang, r-devel-linux-x86_64-fedora-gcc, r-devel-windows-x86_64, r-patched-linux-x86_64, r-release-linux-x86_64, r-release-macos-arm64, r-release-macos-x86_64, r-release-windows-x86_64

Version: 1.5.2
Check: installed package size
Result: NOTE installed size is 5.3Mb sub-directories of 1Mb or more: libs 4.3Mb Flavors: r-release-macos-arm64, r-release-macos-x86_64, r-oldrel-macos-arm64