CRAN Package Check Results for Package bigmemory

Last updated on 2024-02-24 16:48:14 CET.

Flavor Version Tinstall Tcheck Ttotal Status Flags
r-devel-linux-x86_64-debian-clang 4.6.4 87.29 49.32 136.61 OK
r-devel-linux-x86_64-debian-gcc 4.6.4 74.97 38.15 113.12 OK
r-devel-linux-x86_64-fedora-clang 4.6.4 187.21 OK
r-devel-linux-x86_64-fedora-gcc 4.6.4 207.82 OK
r-devel-windows-x86_64 4.6.4 86.00 86.00 172.00 OK
r-patched-linux-x86_64 4.6.4 89.05 48.95 138.00 OK
r-release-linux-x86_64 4.6.4 94.96 48.67 143.63 OK
r-release-macos-arm64 4.6.4 47.00 NOTE
r-release-macos-x86_64 4.6.4 91.00 NOTE
r-release-windows-x86_64 4.6.4 113.00 98.00 211.00 OK
r-oldrel-macos-arm64 4.6.4 50.00 NOTE
r-oldrel-windows-x86_64 4.6.4 90.00 94.00 184.00 OK

Check Details

Version: 4.6.4
Check: installed package size
Result: NOTE installed size is 7.3Mb sub-directories of 1Mb or more: libs 6.8Mb Flavors: r-release-macos-arm64, r-release-macos-x86_64, r-oldrel-macos-arm64