CRAN Package Check Results for Package binGroup2

Last updated on 2024-02-25 08:52:56 CET.

Flavor Version Tinstall Tcheck Ttotal Status Flags
r-devel-linux-x86_64-debian-clang 1.3.1 102.70 188.28 290.98 OK
r-devel-linux-x86_64-debian-gcc 1.3.1 71.47 136.29 207.76 OK
r-devel-linux-x86_64-fedora-clang 1.3.1 362.92 OK
r-devel-linux-x86_64-fedora-gcc 1.3.1 363.80 OK
r-devel-windows-x86_64 1.3.1 69.00 172.00 241.00 OK
r-patched-linux-x86_64 1.3.1 88.03 179.93 267.96 OK
r-release-linux-x86_64 1.3.1 84.34 180.49 264.83 OK
r-release-macos-arm64 1.3.1 86.00 NOTE
r-release-macos-x86_64 1.3.1 241.00 NOTE
r-release-windows-x86_64 1.3.1 91.00 209.00 300.00 OK
r-oldrel-macos-arm64 1.3.1 80.00 NOTE
r-oldrel-windows-x86_64 1.3.1 88.00 195.00 283.00 OK

Check Details

Version: 1.3.1
Check: installed package size
Result: NOTE installed size is 5.7Mb sub-directories of 1Mb or more: libs 4.6Mb Flavors: r-release-macos-arm64, r-release-macos-x86_64, r-oldrel-macos-arm64