CRAN Package Check Results for Package bitmexr

Last updated on 2024-03-03 01:00:38 CET.

Flavor Version Tinstall Tcheck Ttotal Status Flags
r-devel-linux-x86_64-debian-clang 0.3.3 7.64 73.78 81.42 NOTE
r-devel-linux-x86_64-debian-gcc 0.3.3 6.86 55.69 62.55 NOTE
r-devel-linux-x86_64-fedora-clang 0.3.3 104.16 NOTE
r-devel-linux-x86_64-fedora-gcc 0.3.3 116.30 NOTE
r-devel-windows-x86_64 0.3.3 8.00 83.00 91.00 OK
r-patched-linux-x86_64 0.3.3 8.78 70.78 79.56 OK
r-release-linux-x86_64 0.3.3 7.11 70.27 77.38 OK
r-release-macos-arm64 0.3.3 39.00 OK
r-release-macos-x86_64 0.3.3 62.00 OK
r-release-windows-x86_64 0.3.3 10.00 94.00 104.00 OK
r-oldrel-macos-arm64 0.3.3 34.00 OK
r-oldrel-windows-x86_64 0.3.3 11.00 93.00 104.00 OK

Check Details

Version: 0.3.3
Check: Rd files
Result: NOTE checkRd: (-1) bucket_trades.Rd:56: Lost braces in \itemize; \value handles \item{}{} directly checkRd: (-1) bucket_trades.Rd:57: Lost braces in \itemize; \value handles \item{}{} directly checkRd: (-1) bucket_trades.Rd:58: Lost braces in \itemize; \value handles \item{}{} directly checkRd: (-1) bucket_trades.Rd:59: Lost braces in \itemize; \value handles \item{}{} directly checkRd: (-1) bucket_trades.Rd:60: Lost braces in \itemize; \value handles \item{}{} directly checkRd: (-1) bucket_trades.Rd:61: Lost braces in \itemize; \value handles \item{}{} directly checkRd: (-1) bucket_trades.Rd:62: Lost braces in \itemize; \value handles \item{}{} directly checkRd: (-1) bucket_trades.Rd:63: Lost braces in \itemize; \value handles \item{}{} directly checkRd: (-1) bucket_trades.Rd:64: Lost braces in \itemize; \value handles \item{}{} directly checkRd: (-1) bucket_trades.Rd:65: Lost braces in \itemize; \value handles \item{}{} directly checkRd: (-1) bucket_trades.Rd:66: Lost braces in \itemize; \value handles \item{}{} directly checkRd: (-1) bucket_trades.Rd:67: Lost braces in \itemize; \value handles \item{}{} directly checkRd: (-1) bucket_trades.Rd:68: Lost braces in \itemize; \value handles \item{}{} directly checkRd: (-1) bucket_trades.Rd:91: Lost braces 91 | url{https://www.bitmex.com/api/explorer/#!/Trade/Trade_getBucketed} | ^ checkRd: (-1) cancel_all_orders.Rd:13: Lost braces; missing escapes or markup? 13 | e.g. '{"side": "Buy"}'.} | ^ checkRd: (-1) map_bucket_trades.Rd:45: Lost braces in \itemize; \value handles \item{}{} directly checkRd: (-1) map_bucket_trades.Rd:46: Lost braces in \itemize; \value handles \item{}{} directly checkRd: (-1) map_bucket_trades.Rd:47: Lost braces in \itemize; \value handles \item{}{} directly checkRd: (-1) map_bucket_trades.Rd:48: Lost braces in \itemize; \value handles \item{}{} directly checkRd: (-1) map_bucket_trades.Rd:49: Lost braces in \itemize; \value handles \item{}{} directly checkRd: (-1) map_bucket_trades.Rd:50: Lost braces in \itemize; \value handles \item{}{} directly checkRd: (-1) map_bucket_trades.Rd:51: Lost braces in \itemize; \value handles \item{}{} directly checkRd: (-1) map_bucket_trades.Rd:52: Lost braces in \itemize; \value handles \item{}{} directly checkRd: (-1) map_bucket_trades.Rd:53: Lost braces in \itemize; \value handles \item{}{} directly checkRd: (-1) map_bucket_trades.Rd:54: Lost braces in \itemize; \value handles \item{}{} directly checkRd: (-1) map_bucket_trades.Rd:55: Lost braces in \itemize; \value handles \item{}{} directly checkRd: (-1) map_bucket_trades.Rd:56: Lost braces in \itemize; \value handles \item{}{} directly checkRd: (-1) map_bucket_trades.Rd:57: Lost braces in \itemize; \value handles \item{}{} directly checkRd: (-1) map_trades.Rd:37: Lost braces in \itemize; \value handles \item{}{} directly checkRd: (-1) map_trades.Rd:38: Lost braces in \itemize; \value handles \item{}{} directly checkRd: (-1) map_trades.Rd:39: Lost braces in \itemize; \value handles \item{}{} directly checkRd: (-1) map_trades.Rd:40: Lost braces in \itemize; \value handles \item{}{} directly checkRd: (-1) map_trades.Rd:41: Lost braces in \itemize; \value handles \item{}{} directly checkRd: (-1) map_trades.Rd:42-43: Lost braces in \itemize; \value handles \item{}{} directly checkRd: (-1) map_trades.Rd:44: Lost braces in \itemize; \value handles \item{}{} directly checkRd: (-1) map_trades.Rd:45: Lost braces in \itemize; \value handles \item{}{} directly checkRd: (-1) map_trades.Rd:46: Lost braces in \itemize; \value handles \item{}{} directly checkRd: (-1) map_trades.Rd:47: Lost braces in \itemize; \value handles \item{}{} directly checkRd: (-1) tn_cancel_all_orders.Rd:13: Lost braces; missing escapes or markup? 13 | e.g. '{"side": "Buy"}'.} | ^ checkRd: (-1) trades.Rd:48: Lost braces in \itemize; \value handles \item{}{} directly checkRd: (-1) trades.Rd:49: Lost braces in \itemize; \value handles \item{}{} directly checkRd: (-1) trades.Rd:50: Lost braces in \itemize; \value handles \item{}{} directly checkRd: (-1) trades.Rd:51: Lost braces in \itemize; \value handles \item{}{} directly checkRd: (-1) trades.Rd:52: Lost braces in \itemize; \value handles \item{}{} directly checkRd: (-1) trades.Rd:53: Lost braces in \itemize; \value handles \item{}{} directly checkRd: (-1) trades.Rd:54: Lost braces in \itemize; \value handles \item{}{} directly checkRd: (-1) trades.Rd:55: Lost braces in \itemize; \value handles \item{}{} directly checkRd: (-1) trades.Rd:56: Lost braces in \itemize; \value handles \item{}{} directly checkRd: (-1) trades.Rd:57: Lost braces in \itemize; \value handles \item{}{} directly Flavors: r-devel-linux-x86_64-debian-clang, r-devel-linux-x86_64-debian-gcc, r-devel-linux-x86_64-fedora-clang, r-devel-linux-x86_64-fedora-gcc