CRAN Package Check Results for Package blockTools

Last updated on 2024-02-26 08:48:39 CET.

Flavor Version Tinstall Tcheck Ttotal Status Flags
r-devel-linux-x86_64-debian-clang 0.6.4 8.80 70.40 79.20 OK
r-devel-linux-x86_64-debian-gcc 0.6.4 6.19 52.59 58.78 OK
r-devel-linux-x86_64-fedora-clang 0.6.4 95.80 NOTE
r-devel-linux-x86_64-fedora-gcc 0.6.4 92.77 NOTE
r-devel-windows-x86_64 0.6.4 11.00 73.00 84.00 OK
r-patched-linux-x86_64 0.6.4 9.68 68.17 77.85 OK
r-release-linux-x86_64 0.6.4 8.61 67.60 76.21 OK
r-release-macos-arm64 0.6.4 33.00 OK
r-release-macos-x86_64 0.6.4 49.00 OK
r-release-windows-x86_64 0.6.4 14.00 84.00 98.00 OK
r-oldrel-macos-arm64 0.6.4 32.00 OK
r-oldrel-windows-x86_64 0.6.4 13.00 90.00 103.00 OK

Check Details

Version: 0.6.4
Check: compiled code
Result: NOTE File ‘blockTools/libs/blockTools.so’: Found no calls to: ‘R_registerRoutines’, ‘R_useDynamicSymbols’ It is good practice to register native routines and to disable symbol search. See ‘Writing portable packages’ in the ‘Writing R Extensions’ manual. Flavors: r-devel-linux-x86_64-fedora-clang, r-devel-linux-x86_64-fedora-gcc