CRAN Package Check Results for Package blocksdesign

Last updated on 2024-02-23 16:53:12 CET.

Flavor Version Tinstall Tcheck Ttotal Status Flags
r-devel-linux-x86_64-debian-clang 4.9 NOTE
r-devel-linux-x86_64-debian-gcc 4.9 4.89 44.40 49.29 NOTE
r-devel-linux-x86_64-fedora-clang 4.9 79.58 OK
r-devel-linux-x86_64-fedora-gcc 4.9 88.96 OK
r-devel-windows-x86_64 4.9 6.00 69.00 75.00 OK
r-patched-linux-x86_64 4.9 6.92 56.92 63.84 OK
r-release-linux-x86_64 4.9 6.09 56.75 62.84 OK
r-release-macos-arm64 4.9 35.00 OK
r-release-macos-x86_64 4.9 53.00 OK
r-release-windows-x86_64 4.9 7.00 73.00 80.00 OK
r-oldrel-macos-arm64 4.9 29.00 OK
r-oldrel-windows-x86_64 4.9 8.00 73.00 81.00 OK

Check Details

Version: 4.9
Check: Rd files
Result: NOTE checkRd: (-1) durban.Rd:16: Lost braces; missing escapes or markup? 16 | This data set was obtained from the durban.rowcol {agridat} example in package 'agridat' | ^ checkRd: (-1) fraction.Rd:30: Lost braces in \itemize; \value handles \item{}{} directly checkRd: (-1) fraction.Rd:31-32: Lost braces in \itemize; \value handles \item{}{} directly checkRd: (-1) fraction.Rd:33: Lost braces in \itemize; \value handles \item{}{} directly Flavors: r-devel-linux-x86_64-debian-clang, r-devel-linux-x86_64-debian-gcc