Last updated on 2023-12-10 00:55:39 CET.
Flavor | Version | Tinstall | Tcheck | Ttotal | Status | Flags |
---|---|---|---|---|---|---|
r-devel-linux-x86_64-debian-clang | 0.1.1 | 7.11 | 112.64 | 119.75 | NOTE | |
r-devel-linux-x86_64-debian-gcc | 0.1.1 | 5.26 | 79.06 | 84.32 | NOTE | |
r-devel-linux-x86_64-fedora-clang | 0.1.1 | 150.51 | OK | |||
r-devel-linux-x86_64-fedora-gcc | 0.1.1 | 147.24 | OK | |||
r-devel-windows-x86_64 | 0.1.1 | 8.00 | 97.00 | 105.00 | OK | |
r-patched-linux-x86_64 | 0.1.1 | 7.71 | 105.39 | 113.10 | OK | |
r-release-linux-x86_64 | 0.1.1 | 5.43 | 103.02 | 108.45 | OK | |
r-release-macos-arm64 | 0.1.1 | 54.00 | OK | |||
r-release-macos-x86_64 | 0.1.1 | 73.00 | NOTE | |||
r-release-windows-x86_64 | 0.1.1 | 10.00 | 119.00 | 129.00 | OK | |
r-oldrel-macos-arm64 | 0.1.1 | 49.00 | OK | |||
r-oldrel-macos-x86_64 | 0.1.1 | 67.00 | OK | |||
r-oldrel-windows-x86_64 | 0.1.1 | 10.00 | 125.00 | 135.00 | OK |
Version: 0.1.1
Check: Rd files
Result: NOTE
checkRd: (-1) estimate_density.Rd:25: Lost braces; missing escapes or markup?
25 | evenly spaced points between \code{min} and {max}.
| ^
Flavors: r-devel-linux-x86_64-debian-clang, r-devel-linux-x86_64-debian-gcc
Version: 0.1.1
Check: package dependencies
Result: NOTE
Package suggested but not available for checking: ‘reldist’
Flavor: r-release-macos-x86_64