CRAN Package Check Results for Package bnlearn

Last updated on 2024-02-21 00:54:23 CET.

Flavor Version Tinstall Tcheck Ttotal Status Flags
r-devel-linux-x86_64-debian-clang 4.9.1 OK
r-devel-linux-x86_64-debian-gcc 4.9.1 49.08 96.25 145.33 OK
r-devel-linux-x86_64-fedora-clang 4.9.1 230.42 OK
r-devel-linux-x86_64-fedora-gcc 4.9.1 235.95 OK
r-devel-windows-x86_64 4.9.1 85.00 120.00 205.00 OK
r-patched-linux-x86_64 4.9.1 62.97 129.07 192.04 OK
r-release-linux-x86_64 4.9.1 56.71 128.27 184.98 OK
r-release-macos-arm64 4.9.1 76.00 OK
r-release-macos-x86_64 4.9.1 156.00 OK
r-release-windows-x86_64 4.9.1 88.00 150.00 238.00 OK
r-oldrel-macos-arm64 4.9 71.00 OK
r-oldrel-windows-x86_64 4.9 101.00 138.00 239.00 WARN

Check Details

Version: 4.9
Check: whether package can be installed
Result: WARN Found the following significant warnings: bnlearn/../fitted/fitted.h:63:4: warning: ISO C99 doesn't support unnamed structs/unions [-Wpedantic] fitted/fitted.h:63:4: warning: ISO C99 doesn't support unnamed structs/unions [-Wpedantic] inference/loglikelihood/../../fitted/fitted.h:63:4: warning: ISO C99 doesn't support unnamed structs/unions [-Wpedantic] inference/../fitted/fitted.h:63:4: warning: ISO C99 doesn't support unnamed structs/unions [-Wpedantic] inference/rinterface/../../fitted/fitted.h:63:4: warning: ISO C99 doesn't support unnamed structs/unions [-Wpedantic] minimal/../fitted/fitted.h:63:4: warning: ISO C99 doesn't support unnamed structs/unions [-Wpedantic] predict/../fitted/fitted.h:63:4: warning: ISO C99 doesn't support unnamed structs/unions [-Wpedantic] sanitization/../fitted/fitted.h:63:4: warning: ISO C99 doesn't support unnamed structs/unions [-Wpedantic] Flavor: r-oldrel-windows-x86_64