CRAN Package Check Results for Package boodist

Last updated on 2024-02-27 08:55:11 CET.

Flavor Version Tinstall Tcheck Ttotal Status Flags
r-devel-linux-x86_64-debian-clang 1.0.0 182.49 43.43 225.92 OK
r-devel-linux-x86_64-debian-gcc 1.0.0 187.84 44.83 232.67 OK
r-devel-linux-x86_64-fedora-clang 1.0.0 356.43 OK
r-devel-linux-x86_64-fedora-gcc 1.0.0 416.83 OK
r-devel-windows-x86_64 1.0.0 163.00 89.00 252.00 OK
r-patched-linux-x86_64 1.0.0 213.04 57.87 270.91 OK
r-release-linux-x86_64 1.0.0 218.03 57.19 275.22 OK
r-release-macos-arm64 1.0.0 77.00 NOTE
r-release-macos-x86_64 1.0.0 79.00 NOTE
r-release-windows-x86_64 1.0.0 204.00 102.00 306.00 OK
r-oldrel-macos-arm64 1.0.0 68.00 NOTE
r-oldrel-windows-x86_64 1.0.0 204.00 94.00 298.00 OK

Check Details

Version: 1.0.0
Check: installed package size
Result: NOTE installed size is 13.1Mb sub-directories of 1Mb or more: libs 12.2Mb Flavors: r-release-macos-arm64, r-release-macos-x86_64, r-oldrel-macos-arm64