Last updated on 2024-04-28 00:56:33 CEST.
Flavor | Version | Tinstall | Tcheck | Ttotal | Status | Flags |
---|---|---|---|---|---|---|
r-devel-linux-x86_64-debian-clang | 1.1.5 | 9.33 | 85.08 | 94.41 | OK | |
r-devel-linux-x86_64-debian-gcc | 1.1.5 | 6.77 | 63.79 | 70.56 | OK | |
r-devel-linux-x86_64-fedora-clang | 1.1.5 | 116.91 | NOTE | |||
r-devel-linux-x86_64-fedora-gcc | 1.1.5 | 125.69 | NOTE | |||
r-devel-windows-x86_64 | 1.1.5 | 8.00 | 80.00 | 88.00 | OK | |
r-patched-linux-x86_64 | 1.1.5 | 8.25 | 79.04 | 87.29 | OK | |
r-release-linux-x86_64 | 1.1.5 | 8.64 | 83.85 | 92.49 | OK | |
r-release-macos-arm64 | 1.1.5 | 41.00 | OK | |||
r-release-windows-x86_64 | 1.1.5 | 7.00 | 79.00 | 86.00 | OK | |
r-oldrel-macos-arm64 | 1.1.5 | 45.00 | OK | |||
r-oldrel-macos-x86_64 | 1.1.5 | 73.00 | OK | |||
r-oldrel-windows-x86_64 | 1.1.5 | 11.00 | 97.00 | 108.00 | OK |
Version: 1.1.5
Check: dependencies in R code
Result: NOTE
Namespaces in Imports field not imported from:
‘HSAUR3’ ‘knitr’ ‘rmarkdown’
All declared Imports should be used.
Flavors: r-devel-linux-x86_64-fedora-clang, r-devel-linux-x86_64-fedora-gcc