CRAN Package Check Results for Package breakaway

Last updated on 2024-02-22 08:54:03 CET.

Flavor Version Tinstall Tcheck Ttotal Status Flags
r-devel-linux-x86_64-debian-clang 4.8.4 OK
r-devel-linux-x86_64-debian-gcc 4.8.4 31.99 541.19 573.18 OK
r-devel-linux-x86_64-fedora-clang 4.8.4 937.36 OK
r-devel-linux-x86_64-fedora-gcc 4.8.4 997.46 OK
r-devel-windows-x86_64 4.8.4 33.00 514.00 547.00 OK
r-patched-linux-x86_64 4.8.4 35.80 718.06 753.86 OK
r-release-linux-x86_64 4.8.4 26.40 726.96 753.36 OK
r-release-macos-arm64 4.8.4 12.00 ERROR
r-release-macos-x86_64 4.8.4 12.00 ERROR
r-release-windows-x86_64 4.8.4 41.00 682.00 723.00 OK
r-oldrel-macos-arm64 4.8.4 223.00 OK
r-oldrel-windows-x86_64 4.8.4 43.00 655.00 698.00 OK

Check Details

Version: 4.8.4
Check: package dependencies
Result: ERROR Package required but not available: ‘phyloseq’ See section ‘The DESCRIPTION file’ in the ‘Writing R Extensions’ manual. Flavors: r-release-macos-arm64, r-release-macos-x86_64