CRAN Package Check Results for Package brickset

Last updated on 2024-03-03 01:00:38 CET.

Flavor Version Tinstall Tcheck Ttotal Status Flags
r-devel-linux-x86_64-debian-clang 2024.0.0 6.52 43.70 50.22 OK
r-devel-linux-x86_64-debian-gcc 2024.0.0 5.29 33.61 38.90 OK
r-devel-linux-x86_64-fedora-clang 2024.0.0 62.02 NOTE
r-devel-linux-x86_64-fedora-gcc 2024.0.0 58.54 NOTE
r-devel-windows-x86_64 2024.0.0 6.00 54.00 60.00 OK
r-patched-linux-x86_64 2024.0.0 6.03 42.49 48.52 OK
r-release-linux-x86_64 2024.0.0 5.25 43.28 48.53 OK
r-release-macos-arm64 2024.0.0 30.00 OK
r-release-macos-x86_64 2024.0.0 40.00 OK
r-release-windows-x86_64 2024.0.0 8.00 60.00 68.00 OK
r-oldrel-macos-arm64 2024.0.0 28.00 OK
r-oldrel-windows-x86_64 2024.0.0 8.00 61.00 69.00 OK

Check Details

Version: 2024.0.0
Check: data for non-ASCII characters
Result: NOTE Note: found 108 marked UTF-8 strings Flavors: r-devel-linux-x86_64-fedora-clang, r-devel-linux-x86_64-fedora-gcc