CRAN Package Check Results for Package brio

Last updated on 2024-03-03 01:00:38 CET.

Flavor Version Tinstall Tcheck Ttotal Status Flags
r-devel-linux-x86_64-debian-clang 1.1.4 4.07 24.80 28.87 OK
r-devel-linux-x86_64-debian-gcc 1.1.4 2.86 19.18 22.04 OK
r-devel-linux-x86_64-fedora-clang 1.1.4 35.74 OK
r-devel-linux-x86_64-fedora-gcc 1.1.4 35.02 OK
r-devel-windows-x86_64 1.1.4 11.00 44.00 55.00 OK
r-patched-linux-x86_64 1.1.4 4.02 24.75 28.77 OK
r-release-linux-x86_64 1.1.4 3.74 24.00 27.74 OK
r-release-macos-arm64 1.1.4 37.00 OK
r-release-macos-x86_64 1.1.4 54.00 OK
r-release-windows-x86_64 1.1.4 1.00 6.00 7.00 ERROR
r-oldrel-macos-arm64 1.1.4 42.00 OK
r-oldrel-windows-x86_64 1.1.4 11.00 48.00 59.00 OK

Check Details

Version: 1.1.4
Check: whether package can be installed
Result: ERROR Installation failed. Flavor: r-release-windows-x86_64