CRAN Package Check Results for Package brlrmr

Last updated on 2024-02-28 16:50:29 CET.

Flavor Version Tinstall Tcheck Ttotal Status Flags
r-devel-linux-x86_64-debian-clang 0.1.7 2.10 29.03 31.13 OK
r-devel-linux-x86_64-debian-gcc 0.1.7 2.35 22.13 24.48 OK
r-devel-linux-x86_64-fedora-clang 0.1.7 39.16 NOTE
r-devel-linux-x86_64-fedora-gcc 0.1.7 37.50 NOTE
r-devel-windows-x86_64 0.1.7 3.00 43.00 46.00 OK
r-patched-linux-x86_64 0.1.7 3.62 28.13 31.75 OK
r-release-linux-x86_64 0.1.7 3.47 27.88 31.35 OK
r-release-macos-arm64 0.1.7 19.00 OK
r-release-macos-x86_64 0.1.7 25.00 OK
r-release-windows-x86_64 0.1.7 4.00 45.00 49.00 OK
r-oldrel-macos-arm64 0.1.7 16.00 OK
r-oldrel-windows-x86_64 0.1.7 5.00 49.00 54.00 OK

Check Details

Version: 0.1.7
Check: dependencies in R code
Result: NOTE Namespaces in Imports field not imported from: ‘Rcpp’ ‘profileModel’ All declared Imports should be used. Flavors: r-devel-linux-x86_64-fedora-clang, r-devel-linux-x86_64-fedora-gcc