Last updated on 2024-04-30 00:54:34 CEST.
Flavor | Version | Tinstall | Tcheck | Ttotal | Status | Flags |
---|---|---|---|---|---|---|
r-devel-linux-x86_64-debian-clang | 1.15.0 | 9.93 | 272.43 | 282.36 | NOTE | |
r-devel-linux-x86_64-debian-gcc | 1.15.0 | 7.46 | 199.64 | 207.10 | NOTE | |
r-devel-linux-x86_64-fedora-clang | 1.15.0 | 363.20 | NOTE | |||
r-devel-linux-x86_64-fedora-gcc | 1.15.0 | 390.05 | NOTE | |||
r-devel-windows-x86_64 | 1.15.0 | 9.00 | 199.00 | 208.00 | OK | |
r-patched-linux-x86_64 | 1.15.0 | 8.09 | 265.32 | 273.41 | NOTE | |
r-release-linux-x86_64 | 1.15.0 | 7.00 | 261.84 | 268.84 | NOTE | |
r-release-macos-arm64 | 1.15.0 | 114.00 | OK | |||
r-release-macos-x86_64 | 1.15.0 | 330.00 | OK | |||
r-release-windows-x86_64 | 1.15.0 | 9.00 | 206.00 | 215.00 | OK | |
r-oldrel-macos-arm64 | 1.15.0 | 105.00 | OK | |||
r-oldrel-macos-x86_64 | 1.15.0 | 268.00 | OK | |||
r-oldrel-windows-x86_64 | 1.15.0 | 12.00 | 272.00 | 284.00 | OK |
Version: 1.15.0
Check: package dependencies
Result: NOTE
Package suggested but not available for checking: ‘margins’
Flavors: r-devel-linux-x86_64-debian-clang, r-devel-linux-x86_64-debian-gcc, r-devel-linux-x86_64-fedora-clang, r-devel-linux-x86_64-fedora-gcc, r-patched-linux-x86_64
Version: 1.15.0
Check: package dependencies
Result: NOTE
Packages suggested but not available for checking: 'margins', 'rstanarm'
Flavor: r-release-linux-x86_64