CRAN Package Check Results for Package bsamGP

Last updated on 2024-02-22 00:58:25 CET.

Flavor Version Tinstall Tcheck Ttotal Status Flags
r-devel-linux-x86_64-debian-clang 1.2.4 NOTE
r-devel-linux-x86_64-debian-gcc 1.2.4 77.48 76.21 153.69 NOTE
r-devel-linux-x86_64-fedora-clang 1.2.4 255.34 NOTE
r-devel-linux-x86_64-fedora-gcc 1.2.4 257.94 OK
r-devel-windows-x86_64 1.2.4 76.00 100.00 176.00 OK
r-patched-linux-x86_64 1.2.4 92.78 98.12 190.90 OK
r-release-linux-x86_64 1.2.4 91.54 99.49 191.03 OK
r-release-macos-arm64 1.2.4 89.00 OK
r-release-macos-x86_64 1.2.4 133.00 OK
r-release-windows-x86_64 1.2.4 98.00 122.00 220.00 OK
r-oldrel-macos-arm64 1.2.4 104.00 OK
r-oldrel-windows-x86_64 1.2.4 94.00 118.00 212.00 OK

Check Details

Version: 1.2.4
Check: Rd files
Result: NOTE checkRd: (-1) bsaqdpm.Rd:166: Lost braces 166 | MacEachern, S. N. and M{\"u}ller, P. (1998) Estimating mixture of Dirichlet process models. | ^ checkRd: (-1) bsardpm.Rd:165: Lost braces 165 | MacEachern, S. N. and M{\"u}ller, P. (1998) Estimating mixture of Dirichlet process models. | ^ Flavors: r-devel-linux-x86_64-debian-clang, r-devel-linux-x86_64-debian-gcc

Version: 1.2.4
Check: installed package size
Result: NOTE installed size is 7.3Mb sub-directories of 1Mb or more: libs 6.6Mb Flavor: r-devel-linux-x86_64-fedora-clang