Last updated on 2024-08-31 17:48:52 CEST.
Flavor | Version | Tinstall | Tcheck | Ttotal | Status | Flags |
---|---|---|---|---|---|---|
r-devel-linux-x86_64-debian-clang | 2.0.2 | 468.33 | 389.44 | 857.77 | OK | |
r-devel-linux-x86_64-debian-gcc | 2.0.2 | 334.51 | 220.59 | 555.10 | OK | |
r-devel-linux-x86_64-fedora-clang | 2.0.2 | 1609.69 | NOTE | |||
r-devel-linux-x86_64-fedora-gcc | 2.0.2 | 1644.95 | OK | |||
r-devel-windows-x86_64 | 2.0.2 | 483.00 | 418.00 | 901.00 | NOTE | |
r-patched-linux-x86_64 | 2.0.2 | 492.46 | 310.55 | 803.01 | OK | |
r-release-linux-x86_64 | 2.0.2 | 485.09 | 312.14 | 797.23 | OK | |
r-release-macos-arm64 | 2.0.2 | 320.00 | NOTE | |||
r-release-macos-x86_64 | 2.0.2 | 386.00 | NOTE | |||
r-release-windows-x86_64 | 2.0.2 | 497.00 | 435.00 | 932.00 | NOTE | |
r-oldrel-macos-arm64 | 2.0.2 | 348.00 | NOTE | |||
r-oldrel-macos-x86_64 | 2.0.2 | 561.00 | NOTE | |||
r-oldrel-windows-x86_64 | 2.0.2 | 591.00 | 489.00 | 1080.00 | NOTE |
Version: 2.0.2
Check: installed package size
Result: NOTE
installed size is 7.2Mb
sub-directories of 1Mb or more:
data 1.1Mb
doc 2.8Mb
libs 2.7Mb
Flavors: r-devel-linux-x86_64-fedora-clang, r-devel-windows-x86_64, r-release-macos-arm64, r-release-macos-x86_64, r-release-windows-x86_64, r-oldrel-macos-arm64, r-oldrel-macos-x86_64, r-oldrel-windows-x86_64