CRAN Package Check Results for Package bsvars

Last updated on 2024-02-29 15:53:40 CET.

Flavor Version Tinstall Tcheck Ttotal Status Flags
r-devel-linux-x86_64-debian-clang 2.1.0 264.41 112.06 376.47 OK
r-devel-linux-x86_64-debian-gcc 2.1.0 206.17 83.43 289.60 OK
r-devel-linux-x86_64-fedora-clang 2.1.0 517.34 OK
r-devel-linux-x86_64-fedora-gcc 2.1.0 534.02 OK
r-devel-windows-x86_64 2.1.0 188.00 141.00 329.00 OK
r-patched-linux-x86_64 2.1.0 254.56 109.04 363.60 OK
r-release-linux-x86_64 2.1.0 255.35 106.83 362.18 OK
r-release-macos-arm64 2.1.0 141.00 NOTE
r-release-macos-x86_64 2.1.0 216.00 NOTE
r-release-windows-x86_64 2.1.0 240.00 166.00 406.00 OK
r-oldrel-macos-arm64 2.1.0 137.00 NOTE
r-oldrel-windows-x86_64 2.1.0 228.00 152.00 380.00 OK

Check Details

Version: 2.1.0
Check: installed package size
Result: NOTE installed size is 12.1Mb sub-directories of 1Mb or more: libs 11.0Mb Flavors: r-release-macos-arm64, r-release-macos-x86_64, r-oldrel-macos-arm64