CRAN Package Check Results for Package bubblyr

Last updated on 2024-02-27 08:55:11 CET.

Flavor Version Tinstall Tcheck Ttotal Status Flags
r-devel-linux-x86_64-debian-clang 0.1.2 2.94 26.47 29.41 NOTE
r-devel-linux-x86_64-debian-gcc 0.1.2 2.09 20.22 22.31 NOTE
r-devel-linux-x86_64-fedora-clang 0.1.2 35.62 NOTE
r-devel-linux-x86_64-fedora-gcc 0.1.2 45.65 NOTE
r-devel-windows-x86_64 0.1.2 3.00 47.00 50.00 NOTE
r-patched-linux-x86_64 0.1.2 2.17 25.10 27.27 NOTE
r-release-linux-x86_64 0.1.2 2.63 25.04 27.67 NOTE
r-release-macos-arm64 0.1.2 22.00 NOTE
r-release-macos-x86_64 0.1.2 35.00 NOTE
r-release-windows-x86_64 0.1.2 4.00 46.00 50.00 NOTE
r-oldrel-macos-arm64 0.1.2 20.00 NOTE
r-oldrel-windows-x86_64 0.1.2 4.00 51.00 55.00 NOTE

Check Details

Version: 0.1.2
Check: LazyData
Result: NOTE 'LazyData' is specified without a 'data' directory Flavors: r-devel-linux-x86_64-debian-clang, r-devel-linux-x86_64-debian-gcc, r-devel-linux-x86_64-fedora-clang, r-devel-linux-x86_64-fedora-gcc, r-devel-windows-x86_64, r-patched-linux-x86_64, r-release-linux-x86_64, r-release-macos-arm64, r-release-macos-x86_64, r-release-windows-x86_64, r-oldrel-macos-arm64, r-oldrel-windows-x86_64